--
-- Host: localhost    Database: kanahome
-- ------------------------------------------------------


--
-- Table structure for table `banners`
--

CREATE TABLE `banners` (
  `id` bigint(20) NOT NULL AUTO_INCREMENT,
  `image` varchar(255) DEFAULT NULL,
  `url` varchar(255) DEFAULT NULL,
  `alt` varchar(255) DEFAULT NULL,
  `created_at` datetime NOT NULL,
  `updated_at` datetime NOT NULL,
  `b_type` varchar(255) DEFAULT NULL,
  PRIMARY KEY (`id`)
) ENGINE=InnoDB AUTO_INCREMENT=11 DEFAULT CHARSET=utf8;

--
-- Dumping data for table `banners`
--

INSERT INTO `banners` VALUES (1,'banner-1.png',NULL,'Kanahome, Kompor Induksi, Kitchenware hemat listrik aman tanpa api tidak panas cepat modern minimalis jual reseller supplier distributor','2020-09-08 15:56:52','2020-09-09 02:39:20',NULL),(2,'banner_2.png',NULL,'Kanahome jual kitchenware alat masak dapur silikon panci sauce pan fry pan marble coating aman minimalis fda food grade tahan panas shopee tokopedia blibli','2020-09-09 02:38:12','2020-09-09 02:38:29',NULL),(3,'banner_3.png',NULL,'Kanahome, Kompor Induksi, Home decor, Dapur, Kitchen, Masak, Aman, Eco friendly, Ramah Lingkungan, Hemat, Cepat','2020-09-09 02:40:11','2020-09-09 02:40:11',NULL),(4,'banner_4.jpg',NULL,'Kanahome, Jual, Reseller, Distributor, Supplier, Kompor Induksi, Kitchenware, Home Appliances, Elektronik, Hemat Listrik, Aman, Garansi, Bandung, Jakarta, Shopee, Tokopedia, Online','2020-09-09 02:41:19','2020-09-09 02:41:19',NULL),(5,'banner_5.png',NULL,'Kanahome, Kompor Induksi, Home decor, Dapur, Kitchen, Masak, Aman, Eco friendly, Ramah Lingkungan, Hemat, Cepat','2020-09-09 02:41:44','2020-09-09 02:41:44',NULL),(6,'Banner_1.jpg',NULL,'Kanahome, Kompor Induksi, Home decor, Dapur, Kitchen, Masak, Aman, Eco friendly, Ramah Lingkungan, Hemat, Cepat','2020-09-18 06:49:59','2020-09-18 06:49:59','mobile'),(7,'Banner_2.jpg',NULL,'Kanahome, Kompor Induksi, Kitchenware hemat listrik aman tanpa api tidak panas cepat modern minimalis jual reseller supplier distributor','2020-09-18 06:50:22','2020-09-18 06:50:22','mobile'),(8,'Banner_4.png',NULL,'Kanahome, Jual, Reseller, Distributor, Supplier, Kompor Induksi, Kitchenware, Home Appliances, Elektronik, Hemat Listrik, Aman, Garansi, Bandung, Jakarta, Shopee, Tokopedia, Online','2020-09-18 06:50:53','2020-09-18 06:50:53','mobile'),(9,'Banner_3.jpg',NULL,'Kanahome, Kompor Induksi, Home decor, Dapur, Kitchen, Masak, Aman, Eco friendly, Ramah Lingkungan, Hemat, Cepat','2020-09-18 06:51:22','2020-09-18 06:51:22','mobile'),(10,'Banner_5.png',NULL,'Kanahome jual kitchenware alat masak dapur silikon panci sauce pan fry pan marble coating aman minimalis fda food grade tahan panas shopee tokopedia blibli','2020-09-18 06:51:36','2020-09-18 06:51:36','mobile');

--
-- Table structure for table `categories`
--

CREATE TABLE `categories` (
  `id` bigint(20) NOT NULL AUTO_INCREMENT,
  `name` varchar(255) DEFAULT NULL,
  `permalink` varchar(255) DEFAULT NULL,
  `created_at` datetime NOT NULL,
  `updated_at` datetime NOT NULL,
  PRIMARY KEY (`id`)
) ENGINE=InnoDB AUTO_INCREMENT=3 DEFAULT CHARSET=utf8;

--
-- Dumping data for table `categories`
--

INSERT INTO `categories` VALUES (1,'Kompor Induksi','kompor-induksi','2020-09-08 15:47:28','2020-09-08 15:47:28'),(2,'Kitchenware','kitchenware','2020-09-08 15:47:28','2020-09-08 15:59:22');

--
-- Table structure for table `ckeditor_assets`
--

CREATE TABLE `ckeditor_assets` (
  `id` bigint(20) NOT NULL AUTO_INCREMENT,
  `data_file_name` varchar(255) NOT NULL,
  `data_content_type` varchar(255) DEFAULT NULL,
  `data_file_size` int(11) DEFAULT NULL,
  `type` varchar(30) DEFAULT NULL,
  `width` int(11) DEFAULT NULL,
  `height` int(11) DEFAULT NULL,
  `created_at` datetime NOT NULL,
  `updated_at` datetime NOT NULL,
  PRIMARY KEY (`id`),
  KEY `index_ckeditor_assets_on_type` (`type`)
) ENGINE=InnoDB DEFAULT CHARSET=utf8;

--
-- Dumping data for table `ckeditor_assets`
--


--
-- Table structure for table `contacts`
--

CREATE TABLE `contacts` (
  `id` bigint(20) NOT NULL AUTO_INCREMENT,
  `name` varchar(255) DEFAULT NULL,
  `email` varchar(255) DEFAULT NULL,
  `phone` varchar(255) DEFAULT NULL,
  `subject` varchar(255) DEFAULT NULL,
  `content` text,
  `created_at` datetime NOT NULL,
  `updated_at` datetime NOT NULL,
  PRIMARY KEY (`id`)
) ENGINE=InnoDB AUTO_INCREMENT=23 DEFAULT CHARSET=utf8;

--
-- Dumping data for table `contacts`
--

INSERT INTO `contacts` VALUES (1,'Martin','martin.me15@yahoo.com','12345678','lala land question ','lala lalon','2019-08-13 17:53:57','2019-08-13 17:53:57'),(2,'Martin','martin.me15@yahoo.com','12345678','lala land question ','lala lalon','2019-08-13 17:56:41','2019-08-13 17:56:41'),(3,'Andika','andika.jeick@yahoo.com','082112426959','Kanahome k-68g','Ready stock kah kanahome k-68g????','2020-02-10 02:06:21','2020-02-10 02:06:21'),(4,'Andika','andika.jeick@yahoo.com','082112426959','Kanahome k-68g','Ready stock kah kanahome k-68g????','2020-02-10 02:06:40','2020-02-10 02:06:40'),(5,'Andika','andika.jeick@yahoo.com','082112426959','Kanahome k-68g','Ready stock kah kanahome k-68g????','2020-02-10 02:07:27','2020-02-10 02:07:27'),(6,'Joshuahem','no-replyelopissito@gmail.com','83472212351','A new method of email distribution.','Hеllо!  kanahome.co.id \r\n \r\nDid yоu knоw thаt it is pоssiblе tо sеnd соmmеrсiаl оffеr аbsоlutеly lаwful? \r\nWе prоvidе а nеw lеgаl mеthоd оf sеnding businеss оffеr thrоugh fееdbасk fоrms. Suсh fоrms аrе lосаtеd оn mаny sitеs. \r\nWhеn suсh prоpоsаls аrе sеnt, nо pеrsоnаl dаtа is usеd, аnd mеssаgеs аrе sеnt tо fоrms spесifiсаlly dеsignеd tо rесеivе mеssаgеs аnd аppеаls. \r\nаlsо, mеssаgеs sеnt thrоugh соntасt Fоrms dо nоt gеt intо spаm bесаusе suсh mеssаgеs аrе соnsidеrеd impоrtаnt. \r\nWе оffеr yоu tо tеst оur sеrviсе fоr frее. Wе will sеnd up tо 50,000 mеssаgеs fоr yоu. \r\nThе соst оf sеnding оnе milliоn mеssаgеs is 49 USD. \r\n \r\nThis оffеr is сrеаtеd аutоmаtiсаlly. Plеаsе usе thе соntасt dеtаils bеlоw tо соntасt us. \r\n \r\nContact us. \r\nTelegram - @FeedbackFormEU \r\nSkype  FeedbackForm2019 \r\nWhatsApp - +375259112693 \r\nEmail feedbackform@make-success.com','2020-05-29 07:51:39','2020-05-29 07:51:39'),(7,'maina kho','mainakho@gmail.com','0811653258','kompor induksi ','hi.. apakah ada agent penjual di area Medan?','2020-06-03 11:55:17','2020-06-03 11:55:17'),(8,'Titi','titibdsn@gmail.com','08128104387','K-655 & K-625','Mohon info harga keduanya & apakah suara spt kipasnya terdengar sekali (berisik)?','2020-08-21 14:02:19','2020-08-21 14:02:19'),(9,'Morgan Morris','mmmorganmorris1@gmail.com','88775142186','Investment   Opportunity.','Dear  Sir/Madam, \r\n \r\nI am a broker/financier with sound financial management abilities to  manage a vast capital for an Arab investor with an embattled political  situation. \r\n \r\nThese funds can be invested in tranches of Millions or a tranche that  is suitable for the portfolio manager. \r\n \r\nIf you have financial management abilities, credible projects in need  of funding or existing business requiring expansion;  we would be  willing to work with you.  We will also consider micro credits/funding  with a sound payback plan for short term personal financial needs. A genuine impending financial transaction with visible proof can also be  funded. \r\n \r\nSincerely, \r\n \r\nMr.  Morgan   Morris \r\nReply To This e-mail:   investmentcompany88@gmail.com','2020-11-24 22:25:34','2020-11-24 22:25:34'),(10,'James Lambert','jlam73000@gmail.com','89131789254','Partnership','Good day \r\n \r\nI`m seeking for a reputable company/individual to partner with in a manner it would benefit both parties. The project is worth $24 Million so if interested, kindly contact me through this email support@dcuadvancefinanceltd.com for clarification. \r\n \r\nI await your response. \r\n \r\nThanks, \r\n \r\nJames Lambert','2020-12-21 23:44:07','2020-12-21 23:44:07'),(11,'Eric Jones','ericjonesonline@outlook.com','555-555-1212','Instead, congrats','Good day, \r\n\r\nMy name is Eric and unlike a lot of emails you might get, I wanted to instead provide you with a word of encouragement – Congratulations\r\n\r\nWhat for?  \r\n\r\nPart of my job is to check out websites and the work you’ve done with kanahome.co.id definitely stands out. \r\n\r\nIt’s clear you took building a website seriously and made a real investment of time and resources into making it top quality.\r\n\r\nThere is, however, a catch… more accurately, a question…\r\n\r\nSo when someone like me happens to find your site – maybe at the top of the search results (nice job BTW) or just through a random link, how do you know? \r\n\r\nMore importantly, how do you make a connection with that person?\r\n\r\nStudies show that 7 out of 10 visitors don’t stick around – they’re there one second and then gone with the wind.\r\n\r\nHere’s a way to create INSTANT engagement that you may not have known about… \r\n\r\nTalk With Web Visitor is a software widget that’s works on your site, ready to capture any visitor’s Name, Email address and Phone Number.  It lets you know INSTANTLY that they’re interested – so that you can talk to that lead while they’re literally checking out kanahome.co.id.\r\n\r\nCLICK HERE http://www.talkwithwebvisitors.com to try out a Live Demo with Talk With Web Visitor now to see exactly how it works.\r\n\r\nIt could be a game-changer for your business – and it gets even better… once you’ve captured their phone number, with our new SMS Text With Lead feature, you can automatically start a text (SMS) conversation – immediately (and there’s literally a 100X difference between contacting someone within 5 minutes versus 30 minutes.)\r\n\r\nPlus then, even if you don’t close a deal right away, you can connect later on with text messages for new offers, content links, even just follow up notes to build a relationship.\r\n\r\nEverything I’ve just described is simple, easy, and effective. \r\n\r\nCLICK HERE http://www.talkwithwebvisitors.com to discover what Talk With Web Visitor can do for your business.\r\n\r\nYou could be converting up to 100X more leads today!\r\n\r\nEric\r\nPS: Talk With Web Visitor offers a FREE 14 days trial – and it even includes International Long Distance Calling. \r\nYou have customers waiting to talk with you right now… don’t keep them waiting. \r\nCLICK HERE http://www.talkwithwebvisitors.com to try Talk With Web Visitor now.\r\n\r\nIf you\'d like to unsubscribe click here http://talkwithwebvisitors.com/unsubscribe.aspx?d=kanahome.co.id\r\n','2020-12-27 09:16:06','2020-12-27 09:16:06'),(12,'ContactdoK','no-replyelopissito@gmail.com','82974396365','Mailing via the feedback form.','Gооd dаy!  kanahome.co.id \r\n \r\nDid yоu knоw thаt it is pоssiblе tо sеnd prоpоsаl   lеgitimаtе wаy? \r\nWе submit а nеw wаy оf sеnding lеttеr thrоugh fееdbасk fоrms. Suсh fоrms аrе lосаtеd оn mаny sitеs. \r\nWhеn suсh аppеаl аrе sеnt, nо pеrsоnаl dаtа is usеd, аnd mеssаgеs аrе sеnt tо fоrms spесifiсаlly dеsignеd tо rесеivе mеssаgеs аnd аppеаls. \r\nаlsо, mеssаgеs sеnt thrоugh соmmuniсаtiоn Fоrms dо nоt gеt intо spаm bесаusе suсh mеssаgеs аrе соnsidеrеd impоrtаnt. \r\nWе оffеr yоu tо tеst оur sеrviсе fоr frее. Wе will sеnd up tо 50,000 mеssаgеs fоr yоu. \r\nThе соst оf sеnding оnе milliоn mеssаgеs is 49 USD. \r\n \r\nThis оffеr is сrеаtеd аutоmаtiсаlly. Plеаsе usе thе соntасt dеtаils bеlоw tо соntасt us. \r\n \r\nContact us. \r\nTelegram - @FeedbackFormEU \r\nSkype  live:feedbackform2019 \r\nWhatsApp - +375259112693','2020-12-31 15:02:02','2020-12-31 15:02:02'),(13,'Helina Amira Khanum','amix77077@yandex.com','89525934663','Hello my dear friends','Dear Friend, \r\nI hope this message does not end up in spam. \r\nGood day to you and I hope you are keeping safe from COVID-19 Pandemic.   \r\nMy name is Helina Amira Khanum, daughter of H.E. (Sahib us-Sa\'ada) married to Prince Sa\'Id in Saudi Arabia. I got your contact from a reliable source as someone whom I can trust. \r\n \r\nAs a woman in the Kingdom, I am not allowed to do business or operate investment ventures business as a house wife. \r\n \r\nI seek individuals or companies outside the kingdom of Saudi on ground presence and experience in business that can assist me receive my money (100M) and invest them in profitable ventures while I plan for migration. \r\n \r\nI will like to keep this brief until I hear from you, you can reach me on amix77077@yandex.com or helinaamira@saudiroyalfamily.live \r\n \r\nHave a nice day, \r\nHelina Amira Khanum Al-Saudi','2021-01-11 18:12:09','2021-01-11 18:12:09'),(14,'Richard Wahl','maikereine.mmr@gmail.com','89164762954','Musim untuk Menunjukkan Cinta','Halo, \r\nSemoga email ini dapat membantu Anda. \r\nIni adalah berita yang sangat besar dan pesan khusus untuk Anda. \r\nSaya pemenang 533-Juta, dalam Mega Jutaan Jackpot. Karena pandemi saat ini, saya telah memutuskan untuk bergabung dengan filantropis dunia lain untuk melakukan apa yang saya mampu untuk memberikan bantuan kepada beberapa orang dan komunitas lokal mereka, secara global, melalui pemilihan alamat web secara acak oleh tim saya. \r\nSitus web Anda telah muncul sebagai salah satu penerima yang beruntung dari seleksi ini dan dengan hati yang penuh kebajikan, saya mengucapkan selamat kepada Anda. \r\nIni kode donasi Anda: RFECD00052020FP \r\nSaat membalas email ini, pastikan Anda mencantumkan kode donasi Anda untuk diverifikasi oleh tim saya. \r\nLebih detail ada di saluran youtube saya. \r\nTONTON SAYA DI SINI: https://www.youtube.com/watch?v=tne02ExNDrw \r\nHubungi WhatsApp: +1 (332) 223-3673 \r\nhubungi tim keuangan melalui email hanya jika Anda tidak memiliki WhatsApp: globalrelief.richardwahl.org@financier.com \r\nSelamat sekali lagi! \r\nSalam, \r\nRichard Wahl.','2021-02-19 15:04:55','2021-02-19 15:04:55'),(15,'Niesha Salman','nieshasalam0812@gmail.com','83523183422','Important assistance','Assalamalekum, \r\n \r\nI apologies for sending this email like this but Its important you reply, \r\n \r\nMy name is Niesha Al Salman Abdulaziz, daughter of H.E. (Shaikh AL Abdul married to Prince Sa\'Id in Saudi Arabia. Am reaching you through this way because I might not get you by phone. \r\n \r\nAs a woman in Saudi Arabia, I am restricted in some ways as a woman. Even to do business is a problem and not easy for me, so I seek your assistance. \r\n \r\nThe money involved is very huge. As a foreigner it will be easy. \r\n \r\nI will like to keep this brief until I hear from you, you can reach me on  Nieshasalam0812@gmail.com or niesha@saudiroyalfamily.live \r\n \r\nHave a nice day, \r\nNiesha Salman Abdulaziz','2021-02-25 14:49:36','2021-02-25 14:49:36'),(16,'Eric Jones','eric.jones.z.mail@gmail.com','555-555-1212','Turn Surf-Surf-Surf into Talk Talk Talk','Hello, my name’s Eric and I just ran across your website at kanahome.co.id...\r\n\r\nI found it after a quick search, so your SEO’s working out…\r\n\r\nContent looks pretty good…\r\n\r\nOne thing’s missing though…\r\n\r\nA QUICK, EASY way to connect with you NOW.\r\n\r\nBecause studies show that a web lead like me will only hang out a few seconds – 7 out of 10 disappear almost instantly, Surf Surf Surf… then gone forever.\r\n\r\nI have the solution:\r\n\r\nTalk With Web Visitor is a software widget that’s works on your site, ready to capture any visitor’s Name, Email address and Phone Number.  You’ll know immediately they’re interested and you can call them directly to TALK with them - literally while they’re still on the web looking at your site.\r\n\r\nCLICK HERE https://talkwithwebvisitors.com to try out a Live Demo with Talk With Web Visitor now to see exactly how it works and even give it a try… it could be huge for your business.\r\n\r\nPlus, now that you’ve got that phone number, with our new SMS Text With Lead feature, you can automatically start a text (SMS) conversation pronto… which is so powerful, because connecting with someone within the first 5 minutes is 100 times more effective than waiting 30 minutes or more later.\r\n\r\nThe new text messaging feature lets you follow up regularly with new offers, content links, even just follow up notes to build a relationship.\r\n\r\nEverything I’ve just described is extremely simple to implement, cost-effective, and profitable.\r\n \r\nCLICK HERE https://talkwithwebvisitors.com to discover what Talk With Web Visitor can do for your business, potentially converting up to 100X more eyeballs into leads today!\r\n\r\nEric\r\nPS: Talk With Web Visitor offers a FREE 14 days trial – and it even includes International Long Distance Calling. \r\nYou have customers waiting to talk with you right now… don’t keep them waiting. \r\nCLICK HERE https://talkwithwebvisitors.com to try Talk With Web Visitor now.\r\n\r\nIf you\'d like to unsubscribe click here http://talkwithwebvisitors.com/unsubscribe.aspx?d=kanahome.co.id\r\n','2021-03-03 12:07:26','2021-03-03 12:07:26'),(17,'Eric Jones','eric.jones.z.mail@gmail.com','555-555-1212','Why not TALK with your leads?','My name’s Eric and I just found your site kanahome.co.id.\r\n\r\nIt’s got a lot going for it, but here’s an idea to make it even MORE effective.\r\n\r\nTalk With Web Visitor – CLICK HERE http://talkwithcustomer.com for a live demo now.\r\n\r\nTalk With Web Visitor is a software widget that’s works on your site, ready to capture any visitor’s Name, Email address and Phone Number.  It signals you the moment they let you know they’re interested – so that you can talk to that lead while they’re literally looking over your site.\r\n\r\nAnd once you’ve captured their phone number, with our new SMS Text With Lead feature, you can automatically start a text (SMS) conversation… and if they don’t take you up on your offer then, you can follow up with text messages for new offers, content links, even just “how you doing?” notes to build a relationship.\r\n\r\nCLICK HERE http://talkwithcustomer.com to discover what Talk With Web Visitor can do for your business.\r\n\r\nThe difference between contacting someone within 5 minutes versus a half-hour means you could be converting up to 100X more leads today!\r\n\r\nEric\r\nPS: Studies show that 70% of a site’s visitors disappear and are gone forever after just a moment. Don’t keep losing them. \r\nTalk With Web Visitor offers a FREE 14 days trial – and it even includes International Long Distance Calling. \r\nYou have customers waiting to talk with you right now… don’t keep them waiting. \r\nCLICK HERE http://talkwithcustomer.com to try Talk With Web Visitor now.\r\n\r\nIf you\'d like to unsubscribe click here http://talkwithcustomer.com/unsubscribe.aspx?d=kanahome.co.id\r\n','2021-03-23 01:00:14','2021-03-23 01:00:14'),(18,'Eric Jones','eric.jones.z.mail@gmail.com','555-555-1212','Cool website!','Cool website!\r\n\r\nMy name’s Eric, and I just found your site - kanahome.co.id - while surfing the net. You showed up at the top of the search results, so I checked you out. Looks like what you’re doing is pretty cool.\r\n \r\nBut if you don’t mind me asking – after someone like me stumbles across kanahome.co.id, what usually happens?\r\n\r\nIs your site generating leads for your business? \r\n \r\nI’m guessing some, but I also bet you’d like more… studies show that 7 out 10 who land on a site wind up leaving without a trace.\r\n\r\nNot good.\r\n\r\nHere’s a thought – what if there was an easy way for every visitor to “raise their hand” to get a phone call from you INSTANTLY… the second they hit your site and said, “call me now.”\r\n\r\nYou can –\r\n  \r\nTalk With Web Visitor is a software widget that’s works on your site, ready to capture any visitor’s Name, Email address and Phone Number.  It lets you know IMMEDIATELY – so that you can talk to that lead while they’re literally looking over your site.\r\n\r\nCLICK HERE http://talkwithcustomer.com to try out a Live Demo with Talk With Web Visitor now to see exactly how it works.\r\n\r\nTime is money when it comes to connecting with leads – the difference between contacting someone within 5 minutes versus 30 minutes later can be huge – like 100 times better!\r\n\r\nThat’s why we built out our new SMS Text With Lead feature… because once you’ve captured the visitor’s phone number, you can automatically start a text message (SMS) conversation.\r\n  \r\nThink about the possibilities – even if you don’t close a deal then and there, you can follow up with text messages for new offers, content links, even just “how you doing?” notes to build a relationship.\r\n\r\nWouldn’t that be cool?\r\n\r\nCLICK HERE http://talkwithcustomer.com to discover what Talk With Web Visitor can do for your business.\r\n\r\nYou could be converting up to 100X more leads today!\r\nEric\r\n\r\nPS: Talk With Web Visitor offers a FREE 14 days trial – and it even includes International Long Distance Calling. \r\nYou have customers waiting to talk with you right now… don’t keep them waiting. \r\nCLICK HERE http://talkwithcustomer.com to try Talk With Web Visitor now.\r\n\r\nIf you\'d like to unsubscribe click here http://talkwithcustomer.com/unsubscribe.aspx?d=kanahome.co.id\r\n','2021-03-27 07:00:02','2021-03-27 07:00:02'),(19,'DonaldmaM','no-replyelopissito@gmail.com','87642182443','A new way of advertising.','Hello!  kanahome.co.id \r\n \r\nDid you know that it is possible to send business offer utterly lawful? \r\nWe make available a new legal way of sending business proposal through feedback forms. Such forms are located on many sites. \r\nWhen such commercial offers are sent, no personal data is used, and messages are sent to forms specifically designed to receive messages and appeals. \r\nalso, messages sent through contact Forms do not get into spam because such messages are considered important. \r\nWe offer you to test our service for free. We will send up to 50,000 messages for you. \r\nThe cost of sending one million messages is 49 USD. \r\n \r\nThis offer is created automatically. Please use the contact details below to contact us. \r\n \r\nContact us. \r\nTelegram - @FeedbackMessages \r\nSkype  live:contactform_18 \r\nWhatsApp - +375259112693','2021-03-28 20:19:35','2021-03-28 20:19:35'),(20,'WILLIAMS JACKSON','nunezpedro@protonmail.com','83948946945','Opportunity','My name is  WILLIAMS JACKSON,  I am a Financial Consultant, I have a client who has an interest in Investing in your country into a Joint Venture / Partnership. \r\n \r\nHe has funds available meant for investment. \r\n \r\nPlease contact me if you are interested. \r\n \r\nRegards, \r\nWILLIAMS JACKSON \r\nFinancial Consultant \r\nE-mail: williamsjacks359@gmail.com','2021-04-06 20:24:43','2021-04-06 20:24:43'),(21,'Eric Jones','eric.jones.z.mail@gmail.com','555-555-1212','Strike when the iron’s hot','Hey there, I just found your site, quick question…\r\n\r\nMy name’s Eric, I found kanahome.co.id after doing a quick search – you showed up near the top of the rankings, so whatever you’re doing for SEO, looks like it’s working well.\r\n\r\nSo here’s my question – what happens AFTER someone lands on your site?  Anything?\r\n\r\nResearch tells us at least 70% of the people who find your site, after a quick once-over, they disappear… forever.\r\n\r\nThat means that all the work and effort you put into getting them to show up, goes down the tubes.\r\n\r\nWhy would you want all that good work – and the great site you’ve built – go to waste?\r\n\r\nBecause the odds are they’ll just skip over calling or even grabbing their phone, leaving you high and dry.\r\n\r\nBut here’s a thought… what if you could make it super-simple for someone to raise their hand, say, “okay, let’s talk” without requiring them to even pull their cell phone from their pocket?\r\n  \r\nYou can – thanks to revolutionary new software that can literally make that first call happen NOW.\r\n\r\nTalk With Web Visitor is a software widget that sits on your site, ready and waiting to capture any visitor’s Name, Email address and Phone Number.  It lets you know IMMEDIATELY – so that you can talk to that lead while they’re still there at your site.\r\n  \r\nYou know, strike when the iron’s hot!\r\n\r\nCLICK HERE https://talkwithwebvisitors.com to try out a Live Demo with Talk With Web Visitor now to see exactly how it works.\r\n\r\nWhen targeting leads, you HAVE to act fast – the difference between contacting someone within 5 minutes versus 30 minutes later is huge – like 100 times better!\r\n\r\nThat’s why you should check out our new SMS Text With Lead feature as well… once you’ve captured the phone number of the website visitor, you can automatically kick off a text message (SMS) conversation with them. \r\n \r\nImagine how powerful this could be – even if they don’t take you up on your offer immediately, you can stay in touch with them using text messages to make new offers, provide links to great content, and build your credibility.\r\n\r\nJust this alone could be a game changer to make your website even more effective.\r\n\r\nStrike when  the iron’s hot!\r\n\r\nCLICK HERE https://talkwithwebvisitors.com to learn more about everything Talk With Web Visitor can do for your business – you’ll be amazed.\r\n\r\nThanks and keep up the great work!\r\n\r\nEric\r\nPS: Talk With Web Visitor offers a FREE 14 days trial – you could be converting up to 100x more leads immediately!   \r\nIt even includes International Long Distance Calling. \r\nStop wasting money chasing eyeballs that don’t turn into paying customers. \r\nCLICK HERE https://talkwithwebvisitors.com to try Talk With Web Visitor now.\r\n\r\nIf you\'d like to unsubscribe click here http://talkwithwebvisitors.com/unsubscribe.aspx?d=kanahome.co.id\r\n','2021-04-17 20:43:21','2021-04-17 20:43:21'),(22,'Eric Jones','eric.jones.z.mail@gmail.com','555-555-1212','instead, congrats','Good day, \r\n\r\nMy name is Eric and unlike a lot of emails you might get, I wanted to instead provide you with a word of encouragement – Congratulations\r\n\r\nWhat for?  \r\n\r\nPart of my job is to check out websites and the work you’ve done with kanahome.co.id definitely stands out. \r\n\r\nIt’s clear you took building a website seriously and made a real investment of time and resources into making it top quality.\r\n\r\nThere is, however, a catch… more accurately, a question…\r\n\r\nSo when someone like me happens to find your site – maybe at the top of the search results (nice job BTW) or just through a random link, how do you know? \r\n\r\nMore importantly, how do you make a connection with that person?\r\n\r\nStudies show that 7 out of 10 visitors don’t stick around – they’re there one second and then gone with the wind.\r\n\r\nHere’s a way to create INSTANT engagement that you may not have known about… \r\n\r\nTalk With Web Visitor is a software widget that’s works on your site, ready to capture any visitor’s Name, Email address and Phone Number.  It lets you know INSTANTLY that they’re interested – so that you can talk to that lead while they’re literally checking out kanahome.co.id.\r\n\r\nCLICK HERE http://talkwithcustomer.com to try out a Live Demo with Talk With Web Visitor now to see exactly how it works.\r\n\r\nIt could be a game-changer for your business – and it gets even better… once you’ve captured their phone number, with our new SMS Text With Lead feature, you can automatically start a text (SMS) conversation – immediately (and there’s literally a 100X difference between contacting someone within 5 minutes versus 30 minutes.)\r\n\r\nPlus then, even if you don’t close a deal right away, you can connect later on with text messages for new offers, content links, even just follow up notes to build a relationship.\r\n\r\nEverything I’ve just described is simple, easy, and effective. \r\n\r\nCLICK HERE http://talkwithcustomer.com to discover what Talk With Web Visitor can do for your business.\r\n\r\nYou could be converting up to 100X more leads today!\r\n\r\nEric\r\nPS: Talk With Web Visitor offers a FREE 14 days trial – and it even includes International Long Distance Calling. \r\nYou have customers waiting to talk with you right now… don’t keep them waiting. \r\nCLICK HERE http://talkwithcustomer.com to try Talk With Web Visitor now.\r\n\r\nIf you\'d like to unsubscribe click here http://talkwithcustomer.com/unsubscribe.aspx?d=kanahome.co.id\r\n','2021-04-23 00:37:12','2021-04-23 00:37:12');

--
-- Table structure for table `product_feature_details`
--

CREATE TABLE `product_feature_details` (
  `id` bigint(20) NOT NULL AUTO_INCREMENT,
  `icon_title` varchar(255) DEFAULT NULL,
  `icon` varchar(255) DEFAULT NULL,
  `title` varchar(255) DEFAULT NULL,
  `image` varchar(255) DEFAULT NULL,
  `description` text,
  `product_id` int(11) DEFAULT NULL,
  `order_no` int(11) DEFAULT NULL,
  `created_at` datetime NOT NULL,
  `updated_at` datetime NOT NULL,
  PRIMARY KEY (`id`)
) ENGINE=InnoDB AUTO_INCREMENT=41 DEFAULT CHARSET=utf8;

--
-- Dumping data for table `product_feature_details`
--

INSERT INTO `product_feature_details` VALUES (1,'Daya Rendah','icon.png','Bisa Masak Dengan 120 watt','Detail_1.png','<p>Rumah 1300 watt tidak perlu khawatir jeglek, kompor bisa diatur mulai dari 120 watt. Paling panas mencapai 1300 watt.</p>\r\n',1,NULL,'2020-09-09 05:00:44','2020-09-10 09:40:38'),(2,'Menu Bahasa Indonesia','2.png','Menu Bahasa Indonesia','Detail_Bahasa.png','<p>Dilengkapi dengan 5 mode memasak yang memudahkan anda memilih panas yang tepat untuk masakan anda. Semua menu dalam Bahasa Indonesia, makin mudah kan!</p>\r\n',1,NULL,'2020-09-09 05:04:32','2020-09-10 09:41:08'),(3,'Timer & Child Lock','3.png','Timer & Child Lock','Detail_Child_lock.png','<p style=\"margin-top:0cm; margin-right:0cm; margin-bottom:.0001pt; margin-left:35.45pt; margin:0cm 0cm 8pt\">Atur timer agar kompor mati otomatis saat waktu berakhir, tidak usah khawatir masakan gosong jika anda harus menidurkan anak dulu sambil merebus makanan si kecil.</p>\r\n\r\n<p style=\"margin-top:0cm; margin-right:0cm; margin-bottom:.0001pt; margin-left:35.45pt; margin:0cm 0cm 8pt\"><br />\r\nChild Lock me-non-aktifkan semua tombol, sehingga pengaturan tidak dapat dimainkan oleh si kecil.</p>\r\n',1,NULL,'2020-09-09 05:05:40','2020-09-10 09:42:06'),(4,'Fitur Keamanan','4.png','Fitur Keamanan','Detail_Keamanan.png','<p style=\"margin-top:0cm; margin-right:0cm; margin-bottom:.0001pt; margin-left:35.45pt; margin:0cm 0cm 8pt\">Dilengkapi sensor keamanan mematikan kompor saat tidak ada alat masak di atasnya, juga sensor alarm dan otomatis mati saat suhu terlalu panas. Alat masak untuk kompor induksi tidak sulit dicari, <a href=\"https://kanahome.co.id/products/keiko-fry-pan\">lihat disini.</a></p>\r\n\r\n<p style=\"margin-top:0cm; margin-right:0cm; margin-bottom:.0001pt; margin-left:35.45pt; margin:0cm 0cm 8pt\"><br />\r\nPermukaan kompor pun tidak panas jika disentuh.<br />\r\nAnda tenang, kami pun senang.<br />\r\n&nbsp;</p>\r\n',1,NULL,'2020-09-09 05:06:16','2020-09-10 09:43:51'),(5,'Daya Rendah','1.png','Bisa Masak Dengan 120 watt','Detail_daya_rendah.png','<p>Kompor bisa diatur mulai dari 120 watt, dan pilihan panas mencapai 1600 watt yang memanaskan masakan dengan cepat.</p>\r\n',2,NULL,'2020-09-09 05:18:36','2020-09-10 09:44:21'),(6,'Serbaguna','2.png','Masak di Dapur, Meja Makan atau Outdoor','Detail_2.png','<p>Portable, ringan dan ramping. Ukuran dan pilihan panas yang pas untuk memasak porsi kecil atau besar. Lap permukaan kaca setelah memasak, praktis.</p>\r\n',2,NULL,'2020-09-09 05:19:18','2020-09-10 09:44:42'),(7,'Smart Timer & Child Lock','3.png','Smart Timer & Child Lock','Detail_Child_lock.png','<p style=\"margin-top:0cm; margin-right:0cm; margin-bottom:.0001pt; margin-left:42.55pt; margin:0cm 0cm 8pt\">Atur timer agar kompor mati otomatis saat waktu berakhir, tidak usah khawatir masakan gosong jika anda harus menyelesaikan presentasi anda sambil memasak. Menu Milk dan Soup memiliki fitur smart timer, timer akan menyala otomatis tanpa diatur, untuk mencegah masakan anda gosong.</p>\r\n\r\n<p style=\"margin-top:0cm; margin-right:0cm; margin-bottom:.0001pt; margin-left:42.55pt; margin:0cm 0cm 8pt\"><br />\r\nChild Lock me-non-aktifkan semua tombol, sehingga pengaturan tidak dapat dimainkan oleh si kecil.</p>\r\n',2,NULL,'2020-09-09 05:20:04','2020-09-10 09:45:05'),(8,'Fitur Keamanan','4.png','Fitur Keamanan','Detail_Keamanan.png','<p style=\"margin-top:0cm; margin-right:0cm; margin-bottom:.0001pt; margin-left:42.55pt; margin:0cm 0cm 8pt\">Dilengkapi sensor keamanan mematikan kompor saat tidak ada alat masak di atasnya, juga sensor alarm dan otomatis mati saat suhu terlalu panas. Alat masak untuk kompor induksi tidak sulit dicari, <a href=\"https://kanahome.co.id/products/keiko-sauce-pan\">lihat disini.</a></p>\r\n\r\n<p style=\"margin-top:0cm; margin-right:0cm; margin-bottom:.0001pt; margin-left:42.55pt; margin:0cm 0cm 8pt\"><br />\r\nPermukaan kompor pun tidak panas jika disentuh.<br />\r\nAnda tenang, kami pun senang.</p>\r\n',2,NULL,'2020-09-09 05:20:39','2020-09-10 09:46:01'),(9,'Mode Mini','1.png','Mini, Hemat Ruang','Detail_mini.png','<p>Ukuran kecil, mudah untuk disimpan atau dipindahkan. Cocok untuk penggunaan personal atau sesekali untuk acara atau shabu-shabu.</p>\r\n',3,NULL,'2020-09-09 06:36:57','2020-09-10 09:46:56'),(10,'Mudah Digunakan','2.png','Mudah Digunakan','Detail_mudah_digunakan.png','<p>Memiliki mode &quot;Memasak&quot; untuk berbagai macam masakan dan mode &quot;Menghangatkan&quot; untuk menjaga masakan anda hangat.&nbsp;<br />\r\nDilengkapi 3 level panas : Low - Mid - High<br />\r\n&nbsp;</p>\r\n',3,NULL,'2020-09-09 06:37:41','2020-09-10 09:47:21'),(11,'Mudah Dibersihkan','3.png','Mudah Dibersihkan','Detail_mudah_dibersihkan.gif','<p>Memiliki permukaan flat dari kaca, sehingga hanya perlu di lap untuk membersihkan setelah digunakan memasak.</p>\r\n',3,NULL,'2020-09-09 06:58:20','2020-09-10 09:47:41'),(12,'Fitur Keamanan','4.png','Fitur Keamanan','Detail_Keamanan.png','<p>Dilengkapi sensor keamanan mematikan kompor saat tidak ada alat masak di atasnya, juga sensor alarm dan otomatis mati saat suhu terlalu panas. Alat masak untuk kompor induksi tidak sulit dicari, <a href=\"https://kanahome.co.id/products/keiko-sauce-pan\">lihat disini.</a></p>\r\n\r\n<p><br />\r\nPermukaan kompor pun tidak panas jika disentuh.<br />\r\nAnda tenang, kami pun senang.</p>\r\n',3,NULL,'2020-09-09 06:58:53','2020-09-10 09:48:17'),(13,'Daya Rendah','1.png','Bisa Masak Dengan 200 watt','Detil_1.jpg','<p>Kompor bisa diatur mulai dari 200 watt, paling panas mencapai 1300 watt. Saat tungku kedua dinyalakan, kompor akan menjaga daya maksimal hanya 2200 watt saja.</p>\r\n',4,NULL,'2020-09-09 07:33:36','2020-09-10 09:59:46'),(14,'2 Tungku','2.png','Masak Lebih Cepat Dengan 2 Tungku','Detil_2.png','<p>Sambil merebus udon-nya, bisa sambil goreng chicken katsu-nya.</p>\r\n',4,NULL,'2020-09-09 07:34:40','2020-09-10 09:59:57'),(15,'Timer & Child Lock','3.png','Timer & Child Lock','Detail_3.png','<p style=\"margin-top:0cm; margin-right:0cm; margin-bottom:.0001pt; margin-left:35.45pt; margin:0cm 0cm 8pt\">Atur timer agar kompor mati otomatis saat waktu berakhir, tidak usah khawatir masakan gosong saat anda fokus memasak saus nya di tungku kedua.</p>\r\n\r\n<p style=\"margin-top:0cm; margin-right:0cm; margin-bottom:.0001pt; margin-left:35.45pt; margin:0cm 0cm 8pt\"><br />\r\nChild Lock me-non-aktifkan semua tombol, sehingga pengaturan tidak dapat dimainkan oleh si kecil.</p>\r\n',4,NULL,'2020-09-09 07:35:05','2020-09-10 09:50:17'),(16,'Fitur Keamanan','4.png','Fitur Keamanan','Detail_4.png','<p>Dilengkapi sensor keamanan mematikan kompor saat tidak ada alat masak di atasnya, juga sensor alarm dan otomatis mati saat suhu terlalu panas. Alat masak untuk kompor induksi tidak sulit dicari, <a href=\"https://kanahome.co.id/products/keiko-fry-pan\">lihat disini.</a></p>\r\n\r\n<p>Permukaan kompor pun tidak panas jika disentuh.<br />\r\nAnda tenang, kami pun senang.<br />\r\n&nbsp;</p>\r\n',4,NULL,'2020-09-09 07:35:51','2020-09-10 09:51:08'),(17,'Masak Porsi Besar','1.png','Porsi Besar, Api Besar','Detail_1.png','<p>Memiliki pilihan panas hingga 2200 watt per tungku. Jika tungku kedua dinyalakan, daya maksimal menjadi 3400 watt. Cocok untuk dapur yang memasak porsi besar dan cepat.</p>\r\n',5,NULL,'2020-09-09 07:58:23','2020-09-10 09:52:22'),(18,'Wajan Cekung','2.png','Tungku Cekung untuk Wajan Cekung','Detail_2.png','<p>Sudah biasa memasak dengan wajan cekung pun tetap bisa menggunakan kompor induksi.</p>\r\n',5,NULL,'2020-09-09 07:58:57','2020-09-10 09:52:46'),(19,'Timer & Child Lock','3.png','Timer & Child Lock','Detail_4.png','<p style=\"margin-top:0cm; margin-right:0cm; margin-bottom:.0001pt; margin-left:35.45pt; margin:0cm 0cm 8pt\">Atur timer agar kompor mati otomatis saat waktu berakhir, tidak usah khawatir masakan gosong saat anda tinggalkan.<br />\r\nChild Lock me-non-aktifkan semua tombol, sehingga pengaturan tidak dapat dimainkan oleh si kecil.</p>\r\n',5,NULL,'2020-09-09 07:59:33','2020-09-10 09:53:08'),(20,'Fitur Keamanan','4.png','Fitur Keamanan','Detail_3.png','<p>Dilengkapi sensor keamanan mematikan kompor saat tidak ada alat masak di atasnya, juga sensor alarm dan otomatis mati saat suhu terlalu panas. Alat masak untuk kompor induksi tidak sulit dicari, <a href=\"https://kanahome.co.id/products/keiko-fry-pan\">lihat disini.</a></p>\r\n\r\n<p><br />\r\nPermukaan kompor pun tidak panas jika disentuh.<br />\r\nAnda tenang, kami pun senang.<br />\r\n&nbsp;</p>\r\n',5,NULL,'2020-09-09 08:00:08','2020-09-10 09:53:35'),(21,'Tidak Lengket','1.png','Sedikit Minyak, Lebih Sehat','Detail_hemat_minyak.png','<p>Tidak perlu menuangkan banyak minyak agar masakan tidak menempel di permukaan.</p>\r\n',6,NULL,'2020-09-09 08:22:17','2020-09-10 10:01:55'),(22,'Food Grade Material','2.png','Food Grade Material','Detil_food_grade.png','<p>Marble coating, PFOA Free, tidak mengandung bahan kimia berbahaya yang dapat memicu kanker. Dilapisi 3 layer dengan ketebalan 3 mm, lebih kuat, tidak mudah terkelupas. Gunakan alat masak silikon atau kayu, <a href=\"https://kanahome.co.id/products/keiko-silicone-utensils\">lihat disini</a><br />\r\n&nbsp;</p>\r\n',6,NULL,'2020-09-09 08:22:53','2020-09-10 10:02:35'),(23,'Minimalis ','3.png','Minimalis Inspired','Detail_minimalis.png','<p>Dengan design minimalis, menghiasi dapur anda, menambah properti foto anda. Gagang seperti kayu alami, soft touch handle, tidak licin.</p>\r\n',6,NULL,'2020-09-09 08:23:43','2020-09-10 10:03:16'),(24,'Dishwasher Safe','4.png','Mudah Dibersihkan','Detail_dishwasher.png','<p>Permukaan halus, mudah dibersihkan. Dishwasher safe.</p>\r\n',6,NULL,'2020-09-09 08:24:10','2020-09-10 10:03:36'),(25,'Tidak Lengket','1.png','Sedikit Minyak, Lebih Sehat','Detail_hemat_minyak.png','<p>Tidak perlu menuangkan banyak minyak agar masakan tidak menempel di permukaan.</p>\r\n',7,NULL,'2020-09-09 08:25:57','2020-09-10 10:05:04'),(26,'Food Grade Material','2.png','Food Grade Material','Detil_food_grade.png','<p>Marble coating, PFOA Free, tidak mengandung bahan kimia berbahaya yang dapat memicu kanker. Dilapisi 3 layer dengan ketebalan 3 mm, lebih kuat, tidak mudah terkelupas. Gunakan alat masak silikon atau kayu, <a href=\"https://kanahome.co.id/products/keiko-silicone-utensils\">lihat disini</a></p>\r\n',7,NULL,'2020-09-09 08:26:27','2020-09-10 10:05:30'),(27,'Minimalis ','3.png','Minimalis Inspired','Detail_minimalis.png','<p>Dengan design minimalis, menghiasi dapur anda, menambah properti foto anda. Gagang seperti kayu alami, soft touch handle, tidak licin.</p>\r\n',7,NULL,'2020-09-09 08:26:57','2020-09-10 10:05:42'),(28,'Dishwasher Safe','4.png','Mudah Dibersihkan','Detail_dishwasher.png','<p>Permukaan halus, mudah dibersihkan. Dishwasher safe.</p>\r\n',7,NULL,'2020-09-09 08:27:26','2020-09-10 10:05:54'),(29,'Tahan Panas','20.png','Tahan Panas','Detail_tahan_panas.png','<p>Food Grade Silicone, tahan panas hingga 230&amp;degC. Dipakai untuk menggoreng, menumis, mengaduk, ga akan meleleh.</p>\r\n',8,NULL,'2020-09-09 08:30:48','2020-09-10 10:06:34'),(30,'Food Grade Material','19.png','Food Grade Material','Detail_2.png','<p>FDA Approved, BPA Free, menggunakan material yang aman untuk kesehatan.</p>\r\n',8,NULL,'2020-09-09 08:31:26','2020-09-10 10:07:34'),(31,'Tidak Menggores','21.png','Tidak Menggores','Detail_3.png','<p>Tidak akan membuat wajan anda tergores. Gagang dari kayu yang panjang mencegah tangan anda melepuh, dan nyaman dipegang.</p>\r\n',8,NULL,'2020-09-09 08:33:23','2020-09-10 10:07:45'),(32,'Fleksibel','22.png','Fleksibel','Detail_4.png','<p>Silikon fleksibel yang membuat anda bisa mengambil semua bumbu dan kuah masakan hingga tetes terakhir. Tidak ada yang terbuang.</p>\r\n',8,NULL,'2020-09-09 08:33:49','2020-09-10 10:07:57'),(33,'Super Tajam','Tajam.png','Tajam terus, tidak perlu diasah','Tajam_small.png','<p>Kaori knife terbuat dari keramik zirconia yang kekuatannya satu level di bawah berlian. Pisau ini sangat tajam dan tahan tetap tajam untuk waktu yang lama tanpa perlu diasah. Karena sangat tajam, pisau ini memudahkan anda mengiris makanan dengan tipis.</p>\r\n',9,NULL,'2020-11-26 08:09:48','2020-11-26 08:48:11'),(34,'Menjaga Nutrisi Makanan','Nutrisi.png','Menjaga nutrisi makanan','Nutrition_small.png','<p>Kaori knife tidak memindahkan ion dari permukaan pisau ke makanan sehingga mencegah oksidasi, hal ini menjaga nutrisi makanan.</p>\r\n',9,NULL,'2020-11-26 08:49:49','2020-11-26 09:22:02'),(35,'Mencegah Pertumbuhan Bakteri','Bacteria.png','Mencegah pertumbuhan bakteri','Bacteria.png','<p>Permukaan pisau tidak berpori sehingga mencegah pertumbuhan bakteri dan tahan asam sehingga tidak akan berkarat dan tidak meninggalkan bau logam pada makanan.</p>\r\n',9,NULL,'2020-11-26 08:58:10','2020-11-26 09:21:12'),(36,'Pegangan Pisau Nyaman','Handle.png','Pegangan pisau nyaman digunakan','Handle_small.png','<p>Kaori knife ringan dan memiliki pegangan yang nyaman, anti selip dan seimbang membuat anda memotong atau mengupas dengan mudah.</p>\r\n',9,NULL,'2020-11-26 08:59:58','2020-11-26 09:21:27'),(37,'Super Tajam','Tajam.png','Tajam terus, tidak perlu diasah','Tajam_medium.png','<p>Kaori knife terbuat dari keramik zirconia yang kekuatannya satu level di bawah berlian. Pisau ini sangat tajam dan tahan tetap tajam untuk waktu yang lama tanpa perlu diasah. Karena sangat tajam, pisau ini memudahkan anda mengiris makanan dengan tipis.</p>\r\n',10,NULL,'2020-11-26 09:24:46','2020-11-26 09:24:46'),(38,'Menjaga Nutrisi Makanan','Nutrisi.png','Menjaga nutrisi makanan','Nutrition_medium.png','<p>Kaori knife tidak memindahkan ion dari permukaan pisau ke makanan sehingga mencegah oksidasi, hal ini menjaga nutrisi makanan.</p>\r\n',10,NULL,'2020-11-26 09:25:37','2020-11-26 09:25:37'),(39,'Mencegah Pertumbuhan Bakteri','Bacteria.png','Mencegah pertumbuhan bakteri','Bacteria.png','<p>Permukaan pisau tidak berpori sehingga mencegah pertumbuhan bakteri dan tahan asam sehingga tidak akan berkarat dan tidak meninggalkan bau logam pada makanan.</p>\r\n',10,NULL,'2020-11-26 09:26:30','2020-11-26 09:26:30'),(40,'Pegangan Pisau Nyaman','Handle.png','Pegangan pisau yang nyaman','Handle_medium.png','<p>Kaori knife ringan dan memiliki pegangan yang nyaman, anti selip dan seimbang membuat anda memotong atau mengupas dengan mudah.</p>\r\n',10,NULL,'2020-11-26 09:27:41','2020-11-26 09:27:41');

--
-- Table structure for table `product_images`
--

CREATE TABLE `product_images` (
  `id` bigint(20) NOT NULL AUTO_INCREMENT,
  `image` varchar(255) DEFAULT NULL,
  `description` text,
  `product_id` int(11) DEFAULT NULL,
  `is_primary` tinyint(1) DEFAULT NULL,
  `created_at` datetime NOT NULL,
  `updated_at` datetime NOT NULL,
  PRIMARY KEY (`id`)
) ENGINE=InnoDB AUTO_INCREMENT=56 DEFAULT CHARSET=utf8;

--
-- Dumping data for table `product_images`
--

INSERT INTO `product_images` VALUES (1,'K-625__1.jpg',NULL,1,1,'2020-09-09 02:48:40','2020-09-09 02:49:18'),(2,'K-625__2.jpg',NULL,1,0,'2020-09-09 02:48:40','2020-09-09 02:48:40'),(5,'K655-1.png',NULL,2,1,'2020-09-09 05:16:17','2020-09-09 05:17:34'),(6,'K655-2.jpg',NULL,2,0,'2020-09-09 05:16:17','2020-09-09 05:16:17'),(7,'K655-3.jpg',NULL,2,0,'2020-09-09 05:16:17','2020-09-09 05:16:17'),(10,'K60M-2.jpg',NULL,3,0,'2020-09-09 06:35:52','2020-09-09 06:35:52'),(11,'K60M-3.jpg',NULL,3,0,'2020-09-09 06:35:52','2020-09-09 06:35:52'),(13,'K60M-1.png',NULL,3,1,'2020-09-09 06:54:42','2020-09-09 06:54:46'),(16,'K67-3.jpg',NULL,4,0,'2020-09-09 07:25:48','2020-09-09 07:25:48'),(22,'1-68G.png',NULL,5,1,'2020-09-09 07:55:16','2020-09-09 07:55:22'),(23,'2-68G.png',NULL,5,0,'2020-09-09 07:55:16','2020-09-09 07:55:16'),(24,'3-68G.png',NULL,5,0,'2020-09-09 07:55:16','2020-09-09 07:55:16'),(25,'4-68G.png',NULL,5,0,'2020-09-09 07:55:16','2020-09-09 07:55:16'),(26,'4-k67.png',NULL,4,0,'2020-09-09 07:55:48','2020-09-09 07:55:48'),(27,'1-k67.png',NULL,4,1,'2020-09-09 07:55:58','2020-09-09 07:56:07'),(29,'K-60M_4.png',NULL,3,NULL,'2020-09-09 07:56:28','2020-09-09 07:56:28'),(30,'K655-4.png',NULL,2,NULL,'2020-09-09 07:56:53','2020-09-09 07:56:53'),(32,'K-625__4.png',NULL,1,NULL,'2020-09-09 07:57:32','2020-09-09 07:57:32'),(33,'K-625__3.png',NULL,1,NULL,'2020-09-09 08:09:08','2020-09-09 08:09:08'),(34,'2-k67.png',NULL,4,NULL,'2020-09-09 08:14:27','2020-09-09 08:14:27'),(35,'Frypan-1.png',NULL,6,1,'2020-09-09 08:19:39','2020-09-09 08:21:19'),(36,'Frypan-2.png',NULL,6,0,'2020-09-09 08:19:39','2020-09-09 08:19:39'),(37,'Frypan-3.png',NULL,6,0,'2020-09-09 08:19:39','2020-09-09 08:19:39'),(38,'Frypan-4.jpeg',NULL,6,0,'2020-09-09 08:19:39','2020-09-09 08:19:39'),(39,'Sauce_pan-1.png',NULL,7,1,'2020-09-09 08:21:08','2020-09-09 08:21:27'),(40,'Sauce_pan-4.jpeg',NULL,7,0,'2020-09-09 08:21:08','2020-09-09 08:21:08'),(41,'Saucepan-2.png',NULL,7,0,'2020-09-09 08:21:08','2020-09-09 08:21:08'),(42,'Saucepan-3.png',NULL,7,0,'2020-09-09 08:21:08','2020-09-09 08:21:08'),(43,'1.png',NULL,8,0,'2020-09-09 08:29:49','2020-09-09 08:29:49'),(44,'2.png',NULL,8,1,'2020-09-09 08:29:49','2020-09-09 08:30:08'),(45,'3.png',NULL,8,0,'2020-09-09 08:29:49','2020-09-09 08:29:49'),(46,'4.png',NULL,8,0,'2020-09-09 08:29:49','2020-09-09 08:29:49'),(47,'KAORI__2_.jpg',NULL,9,1,'2020-11-26 08:00:07','2020-11-26 09:19:56'),(48,'KAORI__8_.jpg',NULL,9,0,'2020-11-26 08:00:07','2020-11-26 08:00:07'),(49,'photo_2020-11-19_14-48-38.jpg',NULL,9,0,'2020-11-26 08:00:07','2020-11-26 08:00:07'),(50,'KAORI__10_.jpg',NULL,10,1,'2020-11-26 09:19:23','2020-11-26 09:22:42'),(51,'photo_2020-11-24_17-20-25.jpg',NULL,10,0,'2020-11-26 09:19:23','2020-11-26 09:19:23'),(52,'photo_2020-11-24_17-20-27.jpg',NULL,10,0,'2020-11-26 09:19:23','2020-11-26 09:19:23'),(53,'photo_2020-11-24_17-20-27.jpg',NULL,9,0,'2020-11-26 09:19:53','2020-11-26 09:19:53'),(55,'KAORI__9_.jpg',NULL,10,NULL,'2020-11-26 09:23:29','2020-11-26 09:23:29');

--
-- Table structure for table `products`
--

CREATE TABLE `products` (
  `id` bigint(20) NOT NULL AUTO_INCREMENT,
  `name` varchar(255) DEFAULT NULL,
  `price` int(11) DEFAULT NULL,
  `short_description` text,
  `description` text,
  `specification` text,
  `feature` text,
  `category_id` int(11) DEFAULT NULL,
  `permalink` varchar(255) DEFAULT NULL,
  `created_at` datetime NOT NULL,
  `updated_at` datetime NOT NULL,
  `compatibility` varchar(255) DEFAULT NULL,
  PRIMARY KEY (`id`)
) ENGINE=InnoDB AUTO_INCREMENT=11 DEFAULT CHARSET=utf8;

--
-- Dumping data for table `products`
--

INSERT INTO `products` VALUES (1,'Tipe K-625+',627000,'Model 1 tungku\r\nDaya Minimal : 120 watt \r\nDaya Maksimal : 1300 watt\r\nDimensi : 33 x 28 x 4 cm\r\nFree Panci Induksi\r\n',NULL,'Dimensi\r\n33 x 28 x 4 cm\r\n#\r\nBerat\r\n1.7 kg\r\n#\r\nDaya minimal\r\n120 watt\r\n#\r\nDaya maksimal\r\n1300 watt\r\n#\r\nTombol\r\nTouch Screen\r\n#\r\nWarna\r\nHitam\r\n#\r\nPenempatan\r\nPortable','Mode\r\n5 Mode Memasak\r\n#\r\nMenu\r\nBahasa Indonesia\r\n#\r\nSensor Suhu\r\nAda\r\n#\r\nSensor Alat Masak\r\nAda\r\n#\r\nChild Lock\r\nAda\r\n#\r\nTimer\r\nAda\r\n#\r\nAksesoris\r\nGratis Panci Induksi\r\n#\r\nGaransi\r\n1 Tahun',1,'tipe-k-625','2020-09-09 02:48:40','2020-09-18 06:54:15','---\n- \'\'\n- Panci K655 K625\n'),(2,'Tipe K-655',685300,'Model 1 tungku\r\nDaya Minimal : 120 watt\r\nDaya Minimal : 1600 watt\r\nDimensi : 29 x 37 x 3.8 cm\r\nFree Panci Induksi',NULL,'Dimensi\r\n29 x 37 x 3.8 cm\r\n#\r\nBerat\r\n2.1 kg\r\n#\r\nDaya Minimal\r\n120 watt\r\n#\r\nDaya Maksimal\r\n1600 watt\r\n#\r\nTombol\r\nTouch Screen\r\n#\r\nWarna\r\nHitam\r\n#\r\nPenempatan\r\nPortable','Mode\r\n5 Mode Memasak\r\n#\r\nDisplay\r\nDaya, Suhu, Waktu\r\n#\r\nSensor Suhu\r\nAda\r\n#\r\nSensor Alat Masak\r\nAda\r\n#\r\nChild Lock\r\nAda\r\n#\r\nSmart Timer\r\nAda\r\n#\r\nAksesoris\r\nGratis Panci Induksi\r\n#\r\nGaransi\r\n1 Tahun',1,'tipe-k-655','2020-09-09 05:16:17','2021-04-19 06:56:50','---\n- \'\'\n- Panci K655 K625\n'),(3,'Tipe K-60M',405000,'Model 1 tungku Mini\r\nDaya Maksimal : 900 watt\r\nDimensi : 25 x 21 x 5.5 cm\r\nPortable / Ditanam',NULL,'Dimensi\r\n25 x 21 x 5.5 cm\r\n#\r\nBerat\r\n1.2 kg\r\n#\r\nDaya Minimal\r\n300 watt\r\n#\r\nDaya Maksimal\r\n900 watt\r\n#\r\nTombol\r\nTouch Screen\r\n#\r\nWarna\r\nHitam\r\n#\r\nPenempatan\r\nPortable / Tanam','Mode\r\nHotpot, Warm\r\n#\r\nOpsi Panas\r\nLow - Mid - High\r\n#\r\nSensor Suhu\r\nAda\r\n#\r\nSensor Alat Masak\r\nAda\r\n#\r\nChild Lock\r\nAda\r\n#\r\nTimer\r\nAda\r\n#\r\nAksesoris\r\nTidak Ada\r\n#\r\nGaransi\r\n1 Tahun',1,'tipe-k-60m','2020-09-09 06:35:52','2021-03-15 08:03:16','---\n- \'\'\n'),(4,'Tipe K-67',1870000,'Model 2 tungku flat\r\nDaya Maks per tungku : 1300 watt\r\nDaya Maks 2 tungku menyala : 2200 watt\r\nDimensi : 72 x 43 x 8 cm\r\nPortable / Ditanam\r\nUkuran lubang tanam : 68 x 39 cm',NULL,'Dimensi\r\n72 x 43 x 8 cm\r\n#\r\nBerat\r\n8 kg\r\n#\r\nDaya Maks Per Tungku\r\n1300 watt\r\n#\r\nDaya Maks 2 Tungku\r\n2200 watt\r\n#\r\nTombol\r\nTouch Screen\r\n#\r\nWarna\r\nHitam\r\n#\r\nPenempatan\r\nPortable / Tanam\r\n#\r\nLubang Tanam\r\n68 x 39 cm','Mode\r\nTidak ada\r\n#\r\nDisplay\r\nDaya, Suhu, Waktu\r\n#\r\nSensor Suhu\r\nAda\r\n#\r\nSensor Alat Masak\r\nAda\r\n#\r\nChild Lock\r\nAda\r\n#\r\nTimer\r\nAda\r\n#\r\nAksesoris\r\nTidak Ada\r\n#\r\nGaransi\r\n1 Tahun',1,'tipe-k-67','2020-09-09 07:25:48','2020-09-09 08:01:19',NULL),(5,'Tipe K-68G',3500000,'Model 2 tungku cekung + flat\r\nDaya Maks per tungku : 2200 watt\r\nDaya Maks 2 tungku menyala : 3400 watt\r\nDimensi : 72 x 42 x 11 cm\r\nPortable / Ditanam\r\nUkuran lubang tanam : 69 x 40 cm\r\nFree marble coated wok + soup pot',NULL,'Dimensi\r\n72 x 42 x 11 cm\r\n#\r\nBerat\r\n12 kg\r\n#\r\nDaya Maks Per Tungku\r\n2200 watt\r\n#\r\nDaya Maks 2 Tungku\r\n3400 watt\r\n#\r\nTombol\r\nTouch Screen\r\n#\r\nWarna\r\nHitam\r\n#\r\nPenempatan\r\nPortable / Tanam\r\n#\r\nLubang Tanam\r\n69 x 40 cm','Mode\r\nTidak ada\r\n#\r\nDisplay\r\nDaya, Suhu, Waktu\r\n#\r\nSensor Suhu\r\nAda\r\n#\r\nSensor Alat Masak\r\nAda\r\n#\r\nChild Lock\r\nAda\r\n#\r\nTimer\r\nAda\r\n#\r\nAksesoris\r\nWajan marble, Panci induksi\r\n#\r\nGaransi\r\n1 Tahun',1,'tipe-k-68g','2020-09-09 07:40:10','2020-09-18 06:55:11','---\n- \'\'\n- Panci 68\n- Wajan 68\n'),(6,'Keiko Fry Pan',180000,'Diameter 24 cm, tebal 3 mm\r\nPFOA Free \r\nMarble Coated, anti lengket\r\n',NULL,'Diameter\r\n24 cm\r\n#\r\nBerat\r\n662 gr\r\n#\r\nKedalaman\r\n4.5 cm\r\n#\r\nWarna\r\nAbu-abu\r\n#\r\nMaterial\r\nMarble Coated\r\n#\r\nNama Set\r\nKeiko Set','',2,'keiko-fry-pan','2020-09-09 08:19:39','2020-09-18 06:55:21','---\n- \'\'\n- Kompor Induksi\n- Kompor Gas\n- Kompor Listrik\n'),(7,'Keiko Sauce Pan',192000,'Diameter 16 cm, tebal 3 mm\r\nPFOA Free \r\nMarble Coated, anti lengket\r\nFree glass lid (tutup kaca)',NULL,'Diameter\r\n16 cm\r\n#\r\nBerat\r\n778 gr\r\n#\r\nKedalaman\r\n7 cm\r\n#\r\nWarna\r\nAbu-abu\r\n#\r\nMaterial\r\nMarble Coated\r\n#\r\nNama Set\r\nKeiko Set','',2,'keiko-sauce-pan','2020-09-09 08:21:08','2020-09-18 06:55:28','---\n- \'\'\n- Kompor Induksi\n- Kompor Gas\n- Kompor Listrik\n'),(8,'Keiko Silicone Utensils',36000,'Food Grade Silikon, tahan panas 230&deg;C\r\nFDA Approved, BPA Free \r\nWarna : Mocha \r\nSlotted turner 32 cm \r\nTongs 27 cm \r\nSpoontula 32 cm \r\nLadle 31 cm',NULL,'Panjang\r\nSlotted turner 32 cm \r\nTongs 27 cm \r\nSpoontula 32 cm \r\nLadle 31 cm\r\n#\r\nBerat\r\n83 gr\r\n88 gr\r\n95 gr\r\n132 gr\r\n#\r\nMaterial\r\nFood Grade Silicone\r\n#\r\nWarna\r\nMocha\r\n#\r\nNama Set\r\nKeiko Set','',2,'keiko-silicone-utensils','2020-09-09 08:29:49','2020-09-09 15:36:28',NULL),(9,'Kaori Small Ceramic Knife',NULL,'Panjang pisau  11.5 cm\r\nMaterial Zirconia Ceramic\r\nWarna handle : Soft Pink\r\nLengkap dengan stand / sarung pisau\r\nCocok untuk memotong, mengupas buah, sayuran atau makanan lainnya',NULL,'Panjang pisau\r\n11.5 cm\r\n#\r\nMaterial Pisau\r\nZirconia Ceramic\r\n#\r\nWarna handle \r\nSoft Pink\r\n#\r\nFungsi\r\nMemotong, mengupas buah, sayuran atau makanan lainnya\r\n#\r\nAksesoris\r\nStand / sarung pisau','',2,'kaori-small-ceramic-knife','2020-11-26 08:00:07','2020-11-26 09:22:23','---\n- \'\'\n'),(10,'Kaori Medium Ceramic Knife',NULL,'Panjang pisau 14.5 cm\r\nMaterial Zirconia Ceramic\r\nWarna handle : Mint Green\r\nLengkap dengan stand / sarung pisau\r\nPisau serbaguna, cocok untuk kebutuhan dapur sehari-hari',NULL,'Panjang pisau\r\n14.5 cm\r\n#\r\nMaterial\r\nZirconia Ceramic\r\n#\r\nWarna handle\r\nMint Green\r\n#\r\nFungsi\r\nPisau serbaguna, cocok untuk kebutuhan dapur sehari-hari\r\n#\r\nAksesoris\r\nStand / sarung pisau\r\n','',2,'kaori-medium-ceramic-knife','2020-11-26 09:19:23','2020-11-26 09:23:41','---\n- \'\'\n');

--
-- Table structure for table `schema_migrations`
--

CREATE TABLE `schema_migrations` (
  `version` varchar(255) NOT NULL,
  PRIMARY KEY (`version`)
) ENGINE=InnoDB DEFAULT CHARSET=utf8;

--
-- Dumping data for table `schema_migrations`
--

INSERT INTO `schema_migrations` VALUES ('20190103144722'),('20190103144846'),('20190103171516'),('20190308182556'),('20190722215207'),('20190813155111'),('20190920191254'),('20200902093202'),('20200910123144'),('20200910140457');


